 base 10?
2
12 (base 10) to base 12
10
What is -151 (base 11) in base 10?
-177
Convert 167 (base 12) to base 4.
3133
What is -10122 (base 3) in base 8?
-142
Convert 3 (base 15) to base 10.
3
Convert -104 (base 6) to base 16.
-28
What is -4 (base 5) in base 9?
-4
What is -1 (base 8) in base 14?
-1
What is -16 (base 10) in base 15?
-11
What is -8 (base 12) in base 11?
-8
What is -313 (base 4) in base 12?
-47
What is -68 (base 11) in base 16?
-4a
Convert 50 (base 11) to base 13.
43
-1f (base 16) to base 12
-27
Convert 2 (base 3) to base 7.
2
What is -1 (base 12) in base 3?
-1
Convert 53 (base 11) to base 12.
4a
-112 (base 9) to base 5
-332
What is 27 (base 13) in base 15?
23
140 (base 6) to base 16
3c
-73 (base 11) to base 10
-80
What is 5 (base 10) in base 8?
5
Convert -7 (base 11) to base 7.
-10
What is -7 (base 8) in base 16?
-7
Convert 3 (base 10) to base 15.
3
Convert 30 (base 7) to base 12.
19
What is 0 (base 9) in base 7?
0
What is 12 (base 4) in base 10?
6
-1 (base 12) to base 9
-1
What is -2 (base 6) in base 7?
-2
9a (base 13) to base 16
7f
Convert -100 (base 2) to base 6.
-4
7 (base 12) to base 6
11
Convert 4 (base 8) to base 15.
4
What is 3 (base 7) in base 14?
3
-102 (base 3) to base 7
-14
Convert 101 (base 3) to base 14.
a
What is -11 (base 2) in base 9?
-3
Convert -1 (base 8) to base 2.
-1
What is 10 (base 9) in base 11?
9
What is 2 (base 13) in base 3?
2
Convert 50 (base 12) to base 13.
48
2 (base 13) to base 14
2
-2 (base 14) to base 5
-2
-46 (base 11) to base 15
-35
Convert 404 (base 6) to base 10.
148
What is 3 (base 6) in base 15?
3
Convert -3 (base 13) to base 6.
-3
Convert 1304 (base 5) to base 8.
314
What is a (base 11) in base 9?
11
What is 6 (base 7) in base 11?
6
-30 (base 8) to base 3
-220
Convert -23 (base 15) to base 5.
-113
What is -3 (base 4) in base 15?
-3
111000 (base 2) to base 11
51
Convert 6 (base 12) to base 3.
20
What is -20 (base 4) in base 15?
-8
What is -2 (base 10) in base 13?
-2
Convert -6 (base 8) to base 2.
-110
270 (base 11) to base 8
477
Convert 0 (base 13) to base 3.
0
Convert 97 (base 15) to base 4.
2032
Convert 4 (base 9) to base 11.
4
What is -2 (base 6) in base 15?
-2
What is 21 (base 11) in base 16?
17
What is 1 (base 2) in base 15?
1
202 (base 3) to base 9
22
-22 (base 4) to base 9
-11
What is -10 (base 3) in base 11?
-3
Convert -67 (base 16) to base 8.
-147
5 (base 14) to base 6
5
4 (base 6) to base 16
4
Convert -3 (base 15) to base 16.
-3
Convert -d1 (base 15) to base 13.
-121
Convert -12020 (base 3) to base 6.
-353
-235 (base 10) to base 6
-1031
-24 (base 9) to base 7
-31
Convert -7 (base 8) to base 11.
-7
-389 (base 10) to base 6
-1445
Convert -152 (base 6) to base 8.
-104
-b (base 13) to base 16
-b
Convert 101010 (base 2) to base 14.
30
Convert -2 (base 9) to base 15.
-2
Convert 10001 (base 2) to base 13.
14
Convert 4 (base 11) to base 13.
4
Convert 35 (base 12) to base 2.
101001
-21 (base 8) to base 7
-23
Convert 0 (base 16) to base 14.
0
Convert -5 (base 11) to base 13.
-5
Convert -6 (base 13) to base 6.
-10
Convert 0 (base 8) to base 9.
0
Convert 81 (base 13) to base 7.
210
Convert 11 (base 11) to base 15.
c
Convert -42 (base 7) to base 8.
-36
Convert 17 (base 12) to base 14.
15
Convert -25 (base 11) to base 4.
-123
3 (base 4) to base 3
10
What is -2021 (base 4) in base 5?
-1022
-2 (base 15) to base 13
-2
Convert 24 (base 5) to base 9.
15
What is -204 (base 7) in base 4?
-1212
What is -7c (base 16) in base 7?
-235
What is 155 (base 14) in base 13?
17b
-7 (base 15) to base 12
-7
What is -1034 (base 5) in base 4?
-2100
-150 (base 14) to base 15
-12b
Convert 40 (base 13) to base 4.
310
Convert -4 (base 16) to base 3.
-11
0 (base 13) to base 16
0
-2 (base 3) to base 12
-2
Convert -1 (base 10) to base 2.
-1
What is -212 (base 3) in base 7?
-32
-20 (base 5) to base 4
-22
110 (base 2) to base 16
6
Convert 11 (base 4) to base 3.
12
Convert 4 (base 5) to base 3.
11
What is 4 (base 12) in base 6?
4
Convert -2 (base 6) to base 13.
-2
Convert 7 (base 9) to base 13.
7
Convert -5 (base 8) to base 11.
-5
51 (base 6) to base 5
111
11 (base 9) to base 11
a
-27 (base 12) to base 2
-11111
What is -114 (base 6) in base 13?
-37
What is -28 (base 16) in base 12?
-34
-5 (base 6) to base 7
-5
What is -4a (base 14) in base 12?
-56
Convert -5 (base 16) to base 7.
-5
-12 (base 13) to base 16
-f
Convert b (base 12) to base 3.
102
What is 42 (base 11) in base 4?
232
What is 0 (base 8) in base 16?
0
Convert 16 (base 8) to base 12.
12
What is 6 (base 13) in base 4?
12
22 (base 4) to base 15
a
What is 24 (base 13) in base 4?
132
Convert 6 (base 11) to base 5.
11
-1 (base 2) to base 15
-1
1210 (base 3) to base 7
66
13 (base 12) to base 9
16
-2b (base 13) to base 11
-34
-10 (base 7) to base 5
-12
Convert 11000 (base 2) to base 5.
44
-10 (base 9) to base 16
-9
Convert 4 (base 15) to base 8.
4
Convert -2 (base 6) to base 11.
-2
Convert 150 (base 11) to base 8.
260
108 (base 15) to base 3
22122
What is 7 (base 8) in base 15?
7
Convert 0 (base 15) to base 7.
0
-4 (base 13) to base 6
-4
1 (base 5) to base 3
1
-7 (base 16) to base 13
-7
What is -12 (base 3) in base 12?
-5
Convert -14 (base 5) to base 3.
-100
-45 (base 10) to base 2
-101101
What is -1 (base 3) in base 15?
-1
What is 14b (base 15) in base 2?
100101000
Convert -190 (base 11) to base 14.
-11a
144 (base 15) to base 14
169
-11 (base 4) to base 10
-5
Convert 1000 (base 4) to base 2.
1000000
Convert 1 (base 16) to base 14.
1
What is -24 (base 5) in base 10?
-14
What is -8 (base 9) in base 7?
-11
Convert -1d (base 14) to base 12.
-23
Convert -16 (base 14) to base 8.
-24
What is 0 (base 7) in base 12?
0
What is 3 (base 16) in base 6?
3
What is -11 (base 8) in base 11?
-9
What is 3210 (base 4) in base 15?
103
Convert -1322 (base 4) to base 12.
-a2
Convert 1200 (base 3) to base 14.
33
Convert 136 (base 9) to base 13.
8a
Convert 367 (base 9) to base 2.
100110000
What is 2b (base 12) in base 8?
43
Convert 45 (base 13) to base 4.
321
What is -1 (base 11) in base 4?
-1
Convert -50 (base 6) to base 15.
-20
Convert -115 (base 7) to base 14.
-45
What is -6 (base 7) in base 2?
-110
Convert 14 (base 7) to base 13.
b
What is c (base 15) in base 6?
20
-40 (base 11) to base 13
-35
Convert -3 (base 11) to base 5.
-3
Convert 2 (base 13) to base 3.
2
Convert 402 (base 5) to base 10.
102
258 (base 12) to base 5
2411
-40 (base 9) to base 12
-30
Convert -131 (base 9) to base 14.
-7b
What is -100 (base 3) in base 5?
-14
What is 2 (base 9) in base 11?
2
-377 (base 8) to base 5
-2010
Convert 3 (base 6) to base 2.
11
5 (base 16) to base 10
5
2 (base 13) to base 14
2
What is -a (base 16) in base 12?
-a
Convert 2 (base 4) to base 3.
2
-45 (base 6) to base 3
-1002
30 (base 13) to base 16
27
What is -251 (base 7) in base 9?
-158
What is -203 (base 4) in base 15?
-25
What is -5 (base 14) in base 9?
-5
Convert 4 (base 5) to base 3.
11
15 (base 6) to base 9
12
-21 (base 5) to base 11
-10
5 (base 13) to base 15
5
What is 7 (base 14) in base 12?
7
Convert 1 (base 3) to base 16.
1
Convert -7 (base 10) to base 14.
-7
2022 (base 3) to base 10
62
-32 (base 7) to base 13
-1a
What is -9 (base 11) in base 8?
-11
Convert 51 (base 11) to base 5.
211
2b (base 16) to base 8
53
10 (base 15) to base 7
21
Convert -2 (base 15) to base 8.
-2
410 (base 9) to base 5
2313
Convert 23 (base 8) to base 11.
18
Convert 13 (base 7) to base 13.
a
-11 (base 2) to base 3
-10
Convert -48 (base 12) to base 6.
-132
What is -10 (base 7) in base 13?
-7
64 (base 11) to base 13
55
203 (base 4) to base 16
23
What is d (base 15) in base 8?
15
What is 71 (base 12) in base 11?
78
212 (base 3) to base 11
21
Convert -c (base 15) to base 3.
-110
What is 10 (base 3) in base 8?
3
What is -42 (base 7) in base 2?
-11110
Convert -6 (base 16) to base 11.
-6
Convert 11 (base 6) to base 8.
7
3 (base 9) to base 14
3
Convert 189 (base 12) to base 16.
f9
What is a (base 12) in base 9?
11
230 (base 5) to base 15
45
What is -321 (base 4) in base 6?
-133
Convert -25 (base 15) to base 8.
-43
3 (base 16) to base 9
3
What is 182 (base 9) in base 11?
131
What is 164 (base 9) in base 16?
8b
401 (base 5) to base 12
85
Convert 5 (base 11) to base 6.
5
What is 10110100 (base 2) in base 8?
264
13 (base 13) to base 7
22
16 (base 9) to base 12
13
Convert 111 (ba